{"id":1887,"date":"2025-01-29T17:42:21","date_gmt":"2025-01-29T17:42:21","guid":{"rendered":"https:\/\/shop.miredmovil.com\/?post_type=product&#038;p=1887"},"modified":"2025-01-29T17:51:36","modified_gmt":"2025-01-29T17:51:36","slug":"galaxy-z-flip-6","status":"publish","type":"product","link":"https:\/\/shop.miredmovil.com\/?product=galaxy-z-flip-6","title":{"rendered":"Galaxy Z Flip 6"},"content":{"rendered":"<p><strong>Dimensiones y peso<\/strong><\/p>\n<ul>\n<li>Abierto: 165.1 x 71.9 x 6.9 mm<\/li>\n<li>Cerrado: 85.1 x 71.9 x 14.9 mm<\/li>\n<li>187 gramos<\/li>\n<\/ul>\n<p><strong>Pantallas<\/strong><\/p>\n<ul>\n<li>Externa: \u00a0Super AMOLED de 3.4 pulgadas<\/li>\n<li>Resoluci\u00f3n 720 x 748 pixeles, 306 ppi<\/li>\n<li>60 Hz<\/li>\n<li>Interna: Infinity Flex Display Dynamic AMOLED 2X de 6.7 pulgadas<\/li>\n<li>Resoluci\u00f3n FullHD+, 2640 x 1080 pixeles, 425 ppi<\/li>\n<li>Tasa de refresco variable de 1 a 120 Hz<\/li>\n<\/ul>\n<p><strong>Chipset<\/strong><\/p>\n<ul>\n<li>Snapdragon 8 Gen 3 (4 nm)<\/li>\n<\/ul>\n<p><strong>Memoria RAM y almacenamiento<\/strong><\/p>\n<ul>\n<li>8 GB LPDDR5<\/li>\n<li>256\/512 GB UFS 3.1<\/li>\n<\/ul>\n<p><strong>Sistema operativo<\/strong><\/p>\n<ul>\n<li>One UI 6.1.1 basado en Android 14<\/li>\n<\/ul>\n<p><strong>C\u00e1maras traseras<\/strong><\/p>\n<ul>\n<li>50 megapixeles f\/1.8 principal con autoenfoque DualPixel y estabilizaci\u00f3n \u00f3ptica (OIS), zoom 2x de calidad \u00f3ptica, digital hasta 10x<\/li>\n<li>12 megapixeles f\/2.2 ultra gran angular de 123\u00b0<\/li>\n<\/ul>\n<p><strong>C\u00e1mara frontal<\/strong><\/p>\n<ul>\n<li>10 megapixeles f\/2.2<\/li>\n<\/ul>\n<p><strong>Bater\u00eda<\/strong><\/p>\n<ul>\n<li>4,000 mAh con carga r\u00e1pida de 25W<\/li>\n<li>Carga inal\u00e1mbrica de 15W<\/li>\n<li>Carga inal\u00e1mbrica inversa<\/li>\n<\/ul>\n","protected":false},"excerpt":{"rendered":"<p style=\"margin: 0cm; background: white;\">La renovaci\u00f3n del plegable m\u00e1s popular, no solo de Samsung sino de todo el mercado plegable, llega con mejoras en potencia y fotograf\u00eda aderezadas con la integraci\u00f3n de Galaxy AI, la plataforma de inteligencia artificial estrenada con la serie Galaxy S24.<\/p>\n<p>El Galaxy Z Flip6 tiene la potencia del chipset\u00a0<strong>Snapdragon 8 Gen 3 for Galaxy<\/strong><\/p>\n","protected":false},"featured_media":1891,"comment_status":"closed","ping_status":"closed","template":"","meta":[],"product_brand":[],"product_cat":[18],"product_tag":[191,192],"class_list":{"0":"post-1887","1":"product","2":"type-product","3":"status-publish","4":"has-post-thumbnail","6":"product_cat-samsung","7":"product_tag-moto-g55","8":"product_tag-motorola-g55","10":"first","11":"instock","12":"taxable","13":"shipping-taxable","14":"purchasable","15":"product-type-simple"},"_links":{"self":[{"href":"https:\/\/shop.miredmovil.com\/index.php?rest_route=\/wp\/v2\/product\/1887","targetHints":{"allow":["GET"]}}],"collection":[{"href":"https:\/\/shop.miredmovil.com\/index.php?rest_route=\/wp\/v2\/product"}],"about":[{"href":"https:\/\/shop.miredmovil.com\/index.php?rest_route=\/wp\/v2\/types\/product"}],"replies":[{"embeddable":true,"href":"https:\/\/shop.miredmovil.com\/index.php?rest_route=%2Fwp%2Fv2%2Fcomments&post=1887"}],"wp:featuredmedia":[{"embeddable":true,"href":"https:\/\/shop.miredmovil.com\/index.php?rest_route=\/wp\/v2\/media\/1891"}],"wp:attachment":[{"href":"https:\/\/shop.miredmovil.com\/index.php?rest_route=%2Fwp%2Fv2%2Fmedia&parent=1887"}],"wp:term":[{"taxonomy":"product_brand","embeddable":true,"href":"https:\/\/shop.miredmovil.com\/index.php?rest_route=%2Fwp%2Fv2%2Fproduct_brand&post=1887"},{"taxonomy":"product_cat","embeddable":true,"href":"https:\/\/shop.miredmovil.com\/index.php?rest_route=%2Fwp%2Fv2%2Fproduct_cat&post=1887"},{"taxonomy":"product_tag","embeddable":true,"href":"https:\/\/shop.miredmovil.com\/index.php?rest_route=%2Fwp%2Fv2%2Fproduct_tag&post=1887"}],"curies":[{"name":"wp","href":"https:\/\/api.w.org\/{rel}","templated":true}]}}